16165 + -1?
-1616166
In base 7, what is 6 - -6512026?
6512035
In base 14, what is 5 - -1a267?
1a26c
In base 8, what is 40 - -1010?
1050
In base 14, what is -254606 - 0?
-254606
In base 9, what is -7 + 4067?
4060
In base 13, what is -311312 - 5?
-311317
In base 11, what is -3 + -1734?
-1737
In base 7, what is -23 - -11236?
11213
In base 15, what is -1576 - -6aa?
-dbb
In base 4, what is -231 + 133331?
133100
In base 2, what is -101 + -10011110100110?
-10011110101011
In base 3, what is 2010012 - -2201?
2012220
In base 14, what is d9d3 - 1a?
d9b7
In base 3, what is 12 + -12211010012?
-12211010000
In base 2, what is 11110 - -1000101001000?
1000101100110
In base 16, what is 17 - -1332b?
13342
In base 13, what is 6bc - 3bc?
300
In base 14, what is 3b - -693?
6d0
In base 10, what is 1 - -49082?
49083
In base 16, what is -5 + -1fea0b?
-1fea10
In base 15, what is -90 - -115?
75
In base 3, what is -200 - -2112200?
2112000
In base 8, what is -21 + -460?
-501
In base 4, what is -11 + -2223201?
-2223212
In base 13, what is -3c355 + 9?
-3c349
In base 16, what is -6 + -205f?
-2065
In base 8, what is 26 - -2777?
3025
In base 16, what is 415e + 32?
4190
In base 10, what is -237 + 24?
-213
In base 9, what is -5 + 6585?
6580
In base 13, what is -3 - 1102b?
-11031
In base 14, what is 11b8d - 5?
11b88
In base 16, what is -687cc - 5?
-687d1
In base 7, what is -344544 + 1?
-344543
In base 10, what is -11 - -1466?
1455
In base 16, what is a37e + -2?
a37c
In base 4, what is 2 - 11032101?
-11032033
In base 3, what is -1202 + -2201121?
-2210100
In base 7, what is 16 - 2520?
-2501
In base 11, what is -34 + 952?
919
In base 13, what is 146c5 + 1?
146c6
In base 11, what is 94 + -43?
51
In base 8, what is 73000 - 107?
72671
In base 14, what is -d06 - -d?
-cd7
In base 12, what is 111aa1 - 9?
111a94
In base 4, what is -11 + 202220213?
202220202
In base 12, what is bb56 - 2?
bb54
In base 4, what is 3323 - 1110?
2213
In base 5, what is 134 + -1420430?
-1420241
In base 4, what is -322120222 - -110?
-322120112
In base 14, what is -84 - -3183?
30dd
In base 14, what is 2c4a - -19?
2c65
In base 5, what is 1240342 - 4?
1240333
In base 12, what is -198 + -943?
-b1b
In base 5, what is -2 - 422332?
-422334
In base 6, what is 2015523 + -2?
2015521
In base 13, what is -9a5c - 2?
-9a61
In base 11, what is -293a429 + -1?
-293a42a
In base 9, what is -213 + 20?
-183
In base 12, what is 6860 + -5?
6857
In base 16, what is -4 - 3054?
-3058
In base 5, what is -301303 + 1330?
-244423
In base 9, what is 365308 + -2?
365306
In base 5, what is -410031 - 10?
-410041
In base 4, what is -112 + -213211?
-213323
In base 16, what is 2cc8 + 7?
2ccf
In base 8, what is 2157 - 402?
1555
In base 9, what is -6518583 + -2?
-6518585
In base 10, what is 121 - 819?
-698
In base 2, what is -11010110000101 - -101011?
-11010101011010
In base 13, what is -506 + 691?
188
In base 9, what is -27 + 351?
323
In base 10, what is -190 + -588?
-778
In base 10, what is -7236 - -8?
-7228
In base 6, what is -2205544 + -5?
-2205553
In base 14, what is -74 - d13?
-d87
In base 15, what is d + 709?
717
In base 16, what is -3e91 - -a?
-3e87
In base 2, what is 100011101 + -110010100?
-1110111
In base 10, what is 7 - 2694?
-2687
In base 15, what is 92 + -a909?
-a867
In base 14, what is 3a227 - -3?
3a22a
In base 15, what is 692 + 34c?
9de
In base 15, what is 9d - 95?
8
In base 13, what is 3 - 1b132c?
-1b1329
In base 7, what is 5 - 231133?
-231125
In base 7, what is -363 + -10005?
-10401
In base 10, what is -9 - -9043?
9034
In base 9, what is -325 + -2280?
-2615
In base 9, what is 71 + -1213?
-1132
In base 12, what is -14aa50 + 5?
-14aa47
In base 13, what is -b31 + 23?
-b0b
In base 4, what is 11 + 30122002?
30122013
In base 6, what is -1412151 - -4?
-1412143
In base 10, what is 0 + 8701?
8701
In base 2, what is 1000 - -110011111100101101?
110011111100110101
In base 3, what is -1020 - -122101?
121011
In base 4, what is -1100033 + -203?
-1100302
In base 8, what is 1105 + 107?
1214
In base 4, what is -2323 + 113203?
110220
In base 9, what is 623 + 747?
1471
In base 13, what is -5b943 + 3?
-5b940
In base 4, what is 11302 + 3323?
21231
In base 10, what is -70 - -63?
-7
In base 9, what is -2 + -78605?
-78607
In base 2, what is -1 - 101010000001100?
-101010000001101
In base 6, what is -4523 + -123?
-5050
In base 2, what is -101 - 1101100010101010?
-1101100010101111
In base 16, what is -1 - -27a40?
27a3f
In base 9, what is -2 - 380261?
-380263
In base 8, what is -11017060 - -5?
-11017053
In base 5, what is -23313 + -4?
-23322
In base 9, what is -27311 - -2?
-27308
In base 10, what is 4 + 188155?
188159
In base 2, what is 1111101000 - -110101001011?
1000100110011
In base 12, what is 1166 + -1?
1165
In base 13, what is -97 + -57?
-121
In base 2, what is -1010 - 1001001010101?
-1001001011111
In base 3, what is 201102101221 + -11?
201102101210
In base 9, what is 4 - -25447?
25452
In base 5, what is -232003131 + 10?
-232003121
In base 9, what is 1872403 + -1?
1872402
In base 14, what is 6 + 6927?
692d
In base 16, what is -57 + -2692?
-26e9
In base 3, what is -10101202 + -2202200?
-20011102
In base 11, what is -4 + 12218?
12214
In base 11, what is 1189a3a - 1?
1189a39
In base 13, what is 6 - 551?
-548
In base 9, what is -1104 + 1518?
414
In base 13, what is 1 - 122aa5?
-122aa4
In base 4, what is 32031330 - 10?
32031320
In base 15, what is -10d + 292?
184
In base 6, what is -12 - -1105224?
1105212
In base 9, what is 16482 + -62?
16420
In base 15, what is 3 + -28ad?
-28aa
In base 10, what is 4808 + -33?
4775
In base 12, what is -715 + -4?
-719
In base 7, what is -142510 - -3?
-142504
In base 14, what is 4 + 5452?
5456
In base 12, what is 25 + -911b?
-90b6
In base 15, what is 17 + -1ac54?
-1ac3c
In base 7, what is 2313 + 11?
2324
In base 11, what is 5a882 + 8?
5a88a
In base 2, what is 10001111 + 100011100?
110101011
In base 6, what is -10 - 35103?
-35113
In base 11, what is 1 - -18a508?
18a509
In base 7, what is -162553 + -2?
-162555
In base 13, what is -22789 + -3?
-2278c
In base 5, what is 10120 - -3100?
13220
In base 9, what is 15161 - 84?
15066
In base 11, what is -815 - 19?
-833
In base 10, what is -1340396 - 5?
-1340401
In base 8, what is -1360151 + -5?
-1360156
In base 9, what is -2 + 371434?
371432
In base 16, what is -8 - -383?
37b
In base 16, what is 4e5 + -28?
4bd
In base 9, what is 3 - -3527761?
3527764
In base 14, what is 236d88 - -2?
236d8a
In base 7, what is -243 - 4030?
-4303
In base 8, what is -24 + 126142?
126116
In base 6, what is -32 - 22541?
-23013
In base 14, what is 7 - -5899?
58a2
In base 15, what is 6 - 132d4?
-132cd
In base 8, what is 7 - -2306?
2315
In base 14, what is 2c3 - -cc?
3b1
In base 5, what is -344 + 40242?
34343
In base 9, what is 32 - -1178?
1221
In base 16, what is 15a - -be?
218
In base 6, what is -25 - -15400?
15331
In base 11, what is 1 - -27284a?
272850
In base 14, what is -3 + -24554?
-24557
In base 2, what is -100101111010011011101 - -101?
-100101111010011011000
In base 11, what is -704 + -5?
-709
In base 15, what is -170d + -2d3?
-19e1
In base 6, what is 1 + 34301?
34302
In base 14, what is 6691 - -a?
669b
In base 6, what is 0 - -1131025?
1131025
In base 9, what is -113 - -503?
380
In base 15, what is 988b + 5?
9891
In base 2, what is -101 - -1011010101100111010?
1011010101100110101
In base 16, what is 1f + 149f?
14be
In base 16, what is 2 + -cd9f?
-cd9d
In base 5, what is 0 + 420042?
420042
In base 3, what is 121022 - 211020?
-12221
In base 9, what is -2 - 578465?
-578467
In base 8, what is 5 - -10424?
10431
In base 12, what is 8a - -76?
144
In base 16, what is 2ac77 + 5?
2ac7c
In base 4, what is 3132 + -1321130?
-1311332
In base 10, what is -7050032 - 5?
-7050037
In base 14, what is 15d + -5b6?
-457
In base 15, what is 4b098 + 5?
4b09d
In base 11, what is -156 + -482a?
-4985
In base 8, what is 21 - -11001?
11022
In base 5, what is -33431404 + 2?
-33431402
In base 2, what is -10100 - -1100001?
1001101
In base 14, what is -75ad - 2c?
-75db
In base 6, what is 145 + 30342?
30531
In base 16, what is 2 - 10a57d?
-10a57b
In base 9, what is -32 - 3480?
-3522
In base 11, what is 0 - a8671?
-a8671
In base 7, what is 43 - 2243?
-2200
In base 9, what is -3 + 30100?
30086
In base 15, what is -a80 + 53a?
-545
In base 